 + i**2 - 12. Determine b(0).
-12
Let u(i) = 4*i - 30. Give u(9).
6
Let c(p) = p**2 + 17*p + 36. Calculate c(-3).
-6
Let y(h) = -h**3 - 3*h**2 + 38*h - 3. Calculate y(-8).
13
Let h(d) = d + 19. What is h(10)?
29
Let r(x) = x**2 - 37*x - 63. What is r(39)?
15
Let o(u) = -2*u**3 + 25*u**2 + 17*u + 17. Give o(13).
69
Let d(r) = -2*r - 8. Give d(-5).
2
Let g(y) = -y**2 + y + 30. Calculate g(-6).
-12
Let g(k) = -8*k**2 + 5*k + 1. Give g(-1).
-12
Let m(q) = -25*q**2 + 149*q + 8. Determine m(6).
2
Let u(j) = -j**2 - 85*j - 1102. Calculate u(-69).
2
Let m(i) = i**3 + i**2 + 2*i - 5. Determine m(-4).
-61
Let l(t) = -t**3 + 7*t + 12. Calculate l(-5).
102
Let c(k) = -k**3 - 5*k - 6. Give c(0).
-6
Let r(l) = -l**3 + 39*l**2 + 86*l - 168. Give r(41).
-4
Let u(s) = -49*s**3 - 3*s**2 - s + 3. What is u(1)?
-50
Let i(s) = -22*s + 73. Calculate i(3).
7
Let w(y) = -5*y - 23. What is w(-6)?
7
Let p(a) = -2*a + 8. What is p(0)?
8
Let l(k) = k**3 + 15*k**2 + 24*k - 33. Calculate l(-12).
111
Let f(d) = -3*d - 3. Give f(-9).
24
Let s(l) = 40*l - 393. Calculate s(10).
7
Let i(v) = 30*v - 1417. Calculate i(47).
-7
Let v(j) = j**3 + 15*j**2 + 6*j - 117. Give v(-14).
-5
Let z(w) = -27*w**2 + 1. What is z(1)?
-26
Let q(w) = -w**2 - 13*w - 11. Determine q(-12).
1
Let g(r) = -34*r + 12. Calculate g(2).
-56
Let d(c) = -c**2 - 15*c - 29. What is d(-13)?
-3
Let r(n) = 4*n - 28. Calculate r(11).
16
Let v(y) = -8*y + 1. Calculate v(-2).
17
Let v(k) = -k - 22. What is v(-8)?
-14
Let y(q) = -2*q**3 - 10*q**2 - q + 2. Calculate y(-5).
7
Let t(x) = x**3 - 13*x**2 - 30*x - 10. What is t(15)?
-10
Let n(t) = t**3 + 15*t**2 - 33*t - 236. Give n(-16).
36
Let c(t) = -3*t - 20. Give c(-5).
-5
Let u(d) = -d**3 + 22*d**2 - 9*d + 201. Determine u(22).
3
Let w(k) = k**3 - 2*k**2 + 10*k - 24. Give w(4).
48
Let b(k) = -2*k**2 + 3*k + 3. Give b(4).
-17
Let p(f) = -f**3 - 3*f**2 - 3*f + 2. Calculate p(-3).
11
Let x(f) = -2*f + 37. Calculate x(-10).
57
Let x(o) = 10*o**2 - 199*o - 11. Determine x(20).
9
Let w(c) = -2*c**2 + 3*c + 9. Calculate w(6).
-45
Let r(b) = -b**2 - 5*b + 1. Determine r(-6).
-5
Let z(g) = -11*g**2 - g - 2. Determine z(-1).
-12
Let t(m) = -m**2 + 2*m + 16. What is t(3)?
13
Let w(m) = -16*m + 1. Give w(2).
-31
Let g(y) = y**3 - 7*y**2 - 11*y + 12. Give g(8).
-12
Let m(z) = z**3 - 19*z**2 + 34*z - 1. Determine m(17).
-1
Let w(g) = -6*g**2 + 3*g - 4. What is w(2)?
-22
Let a(r) = r**2 - 11*r + 40. Calculate a(5).
10
Let o(v) = v**3 + 7*v**2 - 32*v - 16. Calculate o(-10).
4
Let s(t) = -t**2 + 9*t - 15. What is s(5)?
5
Let m(w) = -2*w + 13. Determine m(-5).
23
Let l(g) = -6*g + 6. Calculate l(-4).
30
Let i(r) = 19*r**2 + 54*r + 1. Determine i(-3).
10
Let k(h) = -h**3 - 10*h**2 + 6*h + 21. Calculate k(-10).
-39
Let c(v) = 4*v + 7. What is c(-5)?
-13
Let r(h) = -h**3 + 7*h**2 + 6*h + 11. Calculate r(8).
-5
Let x(d) = -4*d - 11. What is x(-4)?
5
Let n(r) = -r**3 - 9*r**2 - 13*r + 9. What is n(-7)?
2
Let f(u) = u**3 - 13*u**2 - 10*u - 16. Determine f(14).
40
Let u(w) = w**3 + 6*w**2 + 4*w - 8. What is u(-4)?
8
Let l(s) = -s**2 - 11*s + 12. Calculate l(-9).
30
Let i(s) = -2*s - 163. What is i(-73)?
-17
Let z(w) = w**3 - 25*w**2 - 184*w - 71. What is z(31)?
-9
Let y(x) = -2*x**2 + 6*x - 9. Determine y(5).
-29
Let r(y) = 2*y**2 - 11*y + 8. Determine r(6).
14
Let j(l) = l**3 - 21*l**2 - 44*l - 26. Calculate j(23).
20
Let n(o) = -38*o. Determine n(-1).
38
Let r(h) = -h**3 + 20*h**2 - h + 26. What is r(20)?
6
Let b(w) = 3*w + 3. What is b(1)?
6
Let v(s) = s**2 + 15*s - 19. Determine v(-19).
57
Let x(p) = -p**3 - 8*p**2 - 11*p - 18. Give x(-7).
10
Let n(b) = -b**2 + 17*b + 19. What is n(18)?
1
Let g(y) = -y**3 + 13*y**2 + 16*y - 20. Determine g(14).
8
Let p(q) = 3*q + 8. Determine p(-2).
2
Let i(q) = -32*q - 96. Determine i(-3).
0
Let b(n) = 2*n**2 - n - 1. Give b(-3).
20
Let o(z) = z - 11. Give o(8).
-3
Let k(f) = f**2 + 45*f + 2. What is k(-45)?
2
Let p(j) = -6*j**3 - j**2 - 2*j - 1. What is p(-1)?
6
Let t(k) = -79*k - 157. What is t(-2)?
1
Let l(y) = 67*y**2 + 2*y - 3. Determine l(1).
66
Let i(j) = j**3 + 12*j**2 + 7*j - 6. Give i(-11).
38
Let f(j) = j**3 + 5*j**2 + 15*j + 14. Determine f(-5).
-61
Let q(f) = -6*f - 4. What is q(-5)?
26
Let o(f) = -f**2 - 11*f + 183. Determine o(9).
3
Let z(c) = -3*c - 9. Calculate z(-10).
21
Let i(m) = 8*m. Determine i(0).
0
Let j(c) = -c**3 - c + 3. Determine j(1).
1
Let n(o) = -o**2 - 2*o + 24. Calculate n(5).
-11
Let m(u) = -13*u - 17. What is m(-2)?
9
Let q(c) = -c**3 - 3*c**2 - c - 9. What is q(-3)?
-6
Let t(g) = -g**2 - 44*g - 280. Give t(-36).
8
Let s(z) = z**3 - 26*z**2 - 54*z + 23. Give s(28).
79
Let x(q) = -q**2 - 35*q - 96. Calculate x(-33).
-30
Let l(j) = -12*j + 44. Give l(4).
-4
Let t(v) = -v**3 + 11*v**2 - 12*v + 2. Give t(10).
-18
Let d(f) = -f**2 + 22*f + 42. Give d(24).
-6
Let x(s) = -20*s**3 - 4*s**2 - 3*s + 4. Give x(-2).
154
Let g(u) = 14*u - 5. What is g(2)?
23
Let n(r) = -3*r**2 - 73*r - 98. Calculate n(-23).
-6
Let o(f) = f**3 + 4*f**2 - f + 1. What is o(-3)?
13
Let i(h) = -h**2 + 14*h - 28. What is i(12)?
-4
Let b(p) = -2*p**2 + 6*p - 16. What is b(4)?
-24
Let t(l) = 20*l + 30. Calculate t(-2).
-10
Let z(g) = 2*g**2 + 5*g - 1. Calculate z(2).
17
Let f(b) = b**2 + 6*b - 11. Give f(4).
29
Let c(b) = -b**2 - 10*b - 20. Determine c(-8).
-4
Let r(w) = 6*w**2 + 4*w - 1. Determine r(2).
31
Let f(g) = 121*g + 1087. Give f(-9).
-2
Let q(m) = -m + 31. Determine q(25).
6
Let x(r) = -r - 18. Give x(0).
-18
Let j(g) = 5*g - 38. Give j(11).
17
Let l(p) = -2*p + 21. Calculate l(9).
3
Let i(t) = 7*t - 2. What is i(5)?
33
Let n(u) = u**3 + 2*u**2 + 4*u + 4. Determine n(-2).
-4
Let u(k) = -k**3 + 6*k**2 - 2*k - 25. Determine u(5).
-10
Let g(q) = q**2 + 19*q + 113. Give g(-12).
29
Let x(w) = w**3 + 11*w**2 - w - 4. Calculate x(-11).
7
Let b(j) = -3*j**3 - 43*j**2 + 28*j - 35. What is b(-15)?
-5
Let g(f) = 125*f - 8. Determine g(1).
117
Let r(j) = -j - 2. Calculate r(-6).
4
Let m(j) = -j**2 + 9*j + 7. What is m(8)?
15
Let u(m) = -5*m**3 - 173*m**2 + 70*m - 5. What is u(-35)?
-5
Let c(s) = s**2 - 3*s + 7. Calculate c(3).
7
Let n(r) = r**3 - 2*r**2 + r - 10. Give n(3).
2
Let v(u) = -u**2 + 6*u + 16. Give v(7).
9
Let l(b) = -4*b - 2. Determine l(-2).
6
Let l(c) = 2*c**2 + 42*c + 16. Determine l(-20).
-24
Let v(n) = -2*n**2 + 53*n + 27. What is v(27)?
0
Let o(y) = -y**3 - 9*y**2 - 17*y - 18. Determine o(-7).
3
Let a(u) = -u**3 + u**2 + 43*u + 3. Calculate a(-6).
-3
Let u(l) = -l**3 - l + 4. Calculate u(3).
-26
Let d(a) = a**2 - 9*a - 16. Calculate d(-2).
6
Let q(u) = -7*u - 21. Give q(-8).
35
Let y(t) = -t**2 - 5*t - 1. Determine y(-2).
5
Let w(p) = -7*p + 81. What is w(16)?
-31
Let x(t) = -t**2 - 37*t + 43. Calculate x(-38).
5
Let s(i) = 6*i**2 - 3*i + 7. Determine s(4).
91
Let v(a) = 2*a + 37. Determine v(-15).
7
Let o(j) = -j**3 + 5*j**2 - 2*j - 9. Give o(5).
-19
Let r(w) = w**2 + 32*w + 26. What is r(-31)?
-5
Let t(a) = -25*a - 147. What is t(-6)?
3
Let u(g) = g**2 + 2*g + 7. Calculate u(-6).
31
Let m(y) = -y**3 + 4*y**2 + 9. What is m(3)?
18
Let j(k) = k**3 + 30*k**2 - 66*k - 16. Give j(-32).
48
Let z(s) = -25*s - 38. Give z(-1).
-13
Let d(r) = -10*r - 1. Give d(-1).
9
Let i(h) = h**2 + h - 6. Calculate i(-5).
14
Let g(n) = n**2 - 15*n - 7. Determine g(16).
9
Let z(h) = -5*h - 47. Give z(-8).
-7
Let v(k) = -8*k**3 - 2*k**2 - 3*k - 2. Determine v(-1).
7
Let m(f) = -f**2 + 13*f - 35. Calculate m(6).
7
Let l(c) = -2*c**2 + c - 4. Determine l(2).
-10
Let a(o) = o**2 + o - 4. Calculate a(-3).
2
Let u(w) = w**3 + 9*w**2 + 3*w - 22. What is u(-8)?
18
Let u(w) = -w**2 + 5*w + 3. What is u(-5)?
-47
Let y(b) = b - 10. Determine y(13).
3
Let w(b) = -b**3 + 6*b**2 - b - 2. What is w(4)?
26
Let q(f) = -10*f - 45. What is q(-7)?
25
Let c(b) = -b**2 - 3. Give c(-2).
-7
Let q(h) = -2*h**2 - 12*h - 3. What is q(-6)?
-3
Let o(n) = -6*n - 145. Calculate o(-25).
5
Let w(n) = n**3 - 26*n**2 + 23*n - 44. Determine w(25).
-94
Let d(a) = a**3 + 5*a**2 - 4*a - 6. Give d(-5).
14
Let q(a) = -15*a**3 + 2*a + 1. Determine q(-1).
14
Let x(y) = -4*y**2 - 39*y + 40. What is x(1)?
-3
Let k(t) = t**3 - 7*t**2 + 6*t + 3. Give k(5).
-17
Let h(o) = -8*o**3 - o**2 - o. Give h(-1).
8
Let w(n) = -n**2 - 3*n + 29. What is w(-6)?
11
Let f(n) = 30*n**3 + n**2 - n + 1. Determine f(1).
31
L